- 3 = 2*r, 5*r - 10 = -0*r - j. Suppose 1 = -f - r. What is the units digit of (34/85)/(f/(-80))?
6
Let k = 125 - 121. Suppose k*f - 329 = -3*o + 255, 3*f - 3*o = 459. What is the tens digit of f?
4
Let o = 25 + -12. Suppose 0*w = -5*d - 3*w + o, 3*d = -w + 11. Suppose -228 = t - d*t. What is the tens digit of t?
5
Suppose -2*n + 3930 = -2*x, -9*x + 12*x + 9815 = 5*n. What is the hundreds digit of n?
9
Let q = 167 - -82. What is the units digit of q?
9
Let a = 53 - 70. Let r(m) = m**3 + 17*m**2 - 9*m + 6. What is the tens digit of r(a)?
5
Suppose 3*j + 10 = -5*b + j, 3*b + 6 = -4*j. Let v(f) = -9*f + 8. Let r(l) = l - 1. Let h(t) = 24*r(t) + 3*v(t). What is the units digit of h(b)?
6
Suppose -9*l + 864 - 207 = 0. What is the units digit of l?
3
Let x(y) = -y**3 - 6*y**2 - y. Let c be x(-6). Let z(d) = -d**2 + 8*d - 8. Let g be z(c). What is the units digit of 63 + (g - (7 - 3))?
3
What is the tens digit of 324 + -2 - 2*(7 + -8)?
2
Suppose 5*v + 8475 = 5*g, v - 5 = -1. What is the units digit of g?
9
Suppose 7*n + 1030 = 2*n. Let k be n/(-14) - (-4)/14. What is the tens digit of (12/(-9))/((-2)/k)?
1
Let c = -2653 + 4777. Suppose -12*g + 0*g = -c. What is the tens digit of g?
7
Suppose 13*p + 1065 = 8436. What is the hundreds digit of p?
5
Let h be (0/(-2) + -2)/(-1). Suppose -2*l + 6 = 4*s, -6*s - 15 = -h*s - 5*l. Suppose q - 2*d - 9 = d, q + 5*d - 9 = s. What is the units digit of q?
9
Suppose 7*x + 68 = -142. What is the units digit of x/(-40) + (-410)/(-8)?
2
Let z(d) = 4*d**3 - 14*d**2 + 11*d - 199. What is the hundreds digit of z(10)?
5
Let b(l) = l**3 - l**2 + l + 147. Let c be b(0). Suppose -10*o = -7*o - c. What is the units digit of o?
9
Let c = 33 + -33. Suppose 2*w - 62 + 26 = c. What is the units digit of w?
8
Let t be 14/4*(-72)/(-42). Suppose -4*b = 4*c - 512, -3*b - 2*c - t + 386 = 0. What is the units digit of b?
4
Let v = -9 - -11. Let f be 1/(-3)*-3 + v. Suppose f*b - b - 100 = 0. What is the units digit of b?
0
Suppose 5*r = -w + 5, -2*w = 3*r - 7*w + 25. Let c(y) = 2*y + 27. Let l(u) = 3*u + 28. Let j(q) = 6*c(q) - 5*l(q). What is the units digit of j(r)?
2
Suppose 43*t + 48184 = 119*t. What is the units digit of t?
4
Let n be 3 - 2 - 2/(-1). Suppose -n*i + 560 = p, 0 = -3*i - 2*p + 349 + 213. What is the tens digit of i?
8
Let o(z) = -145*z + 96. What is the thousands digit of o(-11)?
1
Let w(n) = -7*n - 4. Let x be w(-4). Let m = 27 - x. What is the units digit of 0 - (-42 - -4 - m)?
1
Suppose -232*i = -216*i - 31584. What is the tens digit of i?
7
What is the tens digit of -1388*(180/(-16) + 11)?
4
Let a(f) = 2*f**2 + 19*f - 1. Let j(r) = -4*r**2 - 37*r + 2. Let q(i) = -7*a(i) - 4*j(i). What is the hundreds digit of q(6)?
1
Let c = 7007 - 4194. What is the hundreds digit of c?
8
Suppose -m + 3*z = -291, 0*m = 2*m - 5*z - 583. What is the units digit of m?
4
Suppose 0 = -12*s + 1939 + 2969. What is the tens digit of s?
0
Suppose 0 = -2*x + 37 + 5. Let m = -12 + x. What is the units digit of ((-3)/(-2))/(m/168)?
8
Let a = -44 - -18. Let k be (-30)/a + 4/(-26). What is the tens digit of (-60)/(0 - k) + 1?
6
Let k = 27 + -23. What is the units digit of k + (-34)/9 + (-295)/(-9)?
3
Let v = 1374 + -1345. Let d = 6 - 17. Let c = d + v. What is the tens digit of c?
1
Suppose 5*f - 8785 = -l, l - 8765 = -5*f - 4*l. What is the units digit of f?
8
Let c = -40 - -86. Suppose -5*a - 1 = -c. What is the units digit of a?
9
Suppose 0 = 19*h - 15*h - 5164. What is the units digit of h?
1
Suppose -439 + 2375 = 5*j - k, j + 2*k = 396. What is the units digit of j?
8
Let n(u) = u**3 - 10*u**2 + 6*u - 3. Let c(o) = o**3 - 10*o**2 + 5*o - 4. Let f(z) = -3*c(z) + 4*n(z). What is the units digit of f(10)?
0
Let h = 975 - 402. What is the tens digit of h?
7
Suppose 0 = 2*j - 4*c - 920 - 100, 2*j + 4*c - 1012 = 0. What is the hundreds digit of j?
5
Suppose 3*t - 986 = 4*q, -5*q + 116 = 2*t - 549. What is the hundreds digit of t?
3
Let y(s) = -s**3 - 3*s**2 - s. Let u be y(-3). Suppose 4*c = u*c + 62. Suppose 4*l + 2*d - 48 = 0, c = -0*l + 4*l - 5*d. What is the tens digit of l?
1
Let t(l) be the second derivative of l**4/12 + l**3/2 - l**2/2 + 8*l. Let p be t(-4). What is the units digit of (183/p)/(-2 - -3)?
1
Suppose 14 = 3*o - 7. Let q = o - 5. Suppose -t - 51 = -2*u, -2*u - q*u + 4*t = -100. What is the tens digit of u?
2
Suppose 7*u = 211 + 1693. What is the tens digit of u?
7
Let p(o) = 156*o + 12. Let q be p(3). Suppose 202 = 11*u - q. What is the tens digit of u?
6
Suppose 8*c + 44 = 10*c. Let q = c + 58. What is the units digit of q?
0
Suppose 2*t = 4*m - 8, 0 + 36 = 4*m + 5*t. Suppose -4*a = -y - m*y + 95, y - 2*a = 25. What is the units digit of 33 - -2*y/10?
6
Let w = 2484 + 1413. What is the thousands digit of w?
3
Suppose -w + 0*x - 5*x = 25, 10 = -2*x. Suppose w = -3*t - 2*c + 53, -c + 4 = 3*t - 48. Suppose 0 = 4*p - 3*p - t. What is the tens digit of p?
1
Suppose 0 = -701*d + 697*d + 5416. What is the thousands digit of d?
1
Suppose 2*a - 2*g = 26, 7*g - 56 = -2*a + 3*g. What is the units digit of a/(7/(21/6))?
9
Let y = -11 + 14. Suppose -y*z - w + 267 = 0, 4*w = 4*z - w - 337. Suppose -5*t - j = -z, -43 + 15 = -t + 5*j. What is the units digit of t?
8
What is the hundreds digit of (-1)/3 - ((-40852)/(-21))/(-4)?
4
Suppose -2*k = -4*w + 2882, -6*w - 4*k = -w - 3596. Suppose -7*j + w - 160 = 0. What is the tens digit of j?
8
Let p be 60/14 + (-4)/14. Suppose p*x - 140 = 5*m + 219, 2*m + 182 = 2*x. What is the units digit of x?
6
Let u = 5 - -5. Suppose -889 = u*r - 3799. What is the hundreds digit of r?
2
Let s(x) = x - 4. Let c(f) = -f + 20. Let w be c(16). Let z be s(w). Suppose -3*b = -z*b - 93. What is the tens digit of b?
3
Let o(g) = -44 + 20 - 2*g**2 + 26 + 3*g**2 - 6*g. Let b be o(5). What is the tens digit of (355/10)/(b/(-6))?
7
Let s = -73 + 107. Let w be (-4)/(1/(s/(-4))). Let m = -18 + w. What is the units digit of m?
6
Suppose 59*f = 200901 - 66794. What is the tens digit of f?
7
Let g(s) = -s**3 + 7*s**2 - 4*s - 2. Let i be (-12)/(-6)*(-3)/(-2). Suppose -i*r - 2*m - 14 = -4*r, 3*m = -r - 6. What is the units digit of g(r)?
0
Suppose 0 = -5*b + 3009 - 849. What is the hundreds digit of b?
4
Suppose 3*y + y = -2*i + 6700, y + 3*i - 1665 = 0. What is the thousands digit of y?
1
Let c = -49 + 624. What is the hundreds digit of c?
5
What is the hundreds digit of 192/(-384) + 151*(-26)/(-4)?
9
Suppose -k = -4 - 9. Suppose -4*w - 1 = -k. Suppose 0 = -2*m - 2*l + w + 5, -6 = 3*l. What is the units digit of m?
6
Let x be (-36)/(-63) - -255*(-150)/(-21). What is the units digit of 12/15 + x/10?
3
Suppose 5*z - 1609 = -389. Let f = z + -125. Suppose -4*s - 27 = -f. What is the units digit of s?
3
Let i be (1 + (-18)/10)*-50. Let y = i - 11. Suppose -p + y = -3*m, 0*p - p + 17 = 3*m. What is the tens digit of p?
2
Let q(z) = -z - 14. Let s be q(7). Let j = 41 - s. What is the units digit of j?
2
Let i(k) = -907*k + 268. What is the units digit of i(-4)?
6
What is the tens digit of 6 + -3 - 3 - -652?
5
Let u be ((-2)/6)/(2/(-30)). Suppose -5 = -5*v + m + u, 4*v - 4*m - 8 = 0. Suppose 5*a - 24 = v*a. What is the units digit of a?
8
Let j(w) = 2*w + 2*w + 5*w**2 - w**3 - 13*w**2 - 5*w - 4. Let s be j(-8). Suppose -s*a - 2 = 18, -o - 5*a - 7 = 0. What is the tens digit of o?
1
Let n be (5 - 1)*(-3)/(-4). Suppose 79 = n*t + 2*w - 0, t + 2*w = 33. What is the tens digit of t + 1 - (-4 - -4)?
2
Let d be (-5)/10*44/(-2). What is the units digit of (d/44 - (-243)/4) + 1?
2
Let t(r) = 9*r. Let j be t(1). Suppose 2*g + 3*s - 78 = 0, -4*g + j*g = -s + 208. What is the units digit of g?
2
Suppose 7317 = 5*o + b, 0 = 4*o + 11*b - 4688 - 1186. What is the thousands digit of o?
1
Let z(j) = -3*j**3 + 4*j**2 + 2*j - 1. Let n be z(-1). Suppose 0 = n*t - 9*t - 25. What is the tens digit of (6 + t)*(55 - -2)?
5
Let q(i) = i**2 - 6. Let z be q(-3). Let x be -2 + (-3)/(z/43). Let b = -17 - x. What is the units digit of b?
8
Let q(n) = 6*n**2 - 24*n + 459. What is the hundreds digit of q(22)?
8
Suppose 5978 = 8*i - 11950. What is the units digit of i?
1
What is the units digit of (873/(-2))/(-3) - (-2)/4?
6
Suppose 0 = 3*h - 8 - 73. What is the units digit of h?
7
Suppose -797 = 2*j - 3*k - 2801, 3*j + 2*k = 3006. What is the thousands digit o